he hundred thousands digit of 107646394?
6
What is the thousands digit of 22168984?
8
What is the hundred thousands digit of 6076162?
0
What is the ten millions digit of 1245849437?
4
What is the units digit of 339457832?
2
What is the tens digit of 73546797?
9
What is the millions digit of 1441395?
1
What is the tens digit of 991216407?
0
What is the units digit of 45779676?
6
What is the millions digit of 85505313?
5
What is the ten millions digit of 275122654?
7
What is the units digit of 183922441?
1
What is the millions digit of 320422609?
0
What is the hundreds digit of 25711446?
4
What is the hundred thousands digit of 482261120?
2
What is the ten millions digit of 36230265?
3
What is the millions digit of 621938037?
1
What is the tens digit of 7458861538?
3
What is the hundreds digit of 3369144?
1
What is the units digit of 18112568?
8
What is the hundred millions digit of 3599688993?
5
What is the millions digit of 2669536267?
9
What is the ten thousands digit of 97148546?
4
What is the hundreds digit of 332484068?
0
What is the hundreds digit of 178892100?
1
What is the units digit of 20204715?
5
What is the hundred thousands digit of 185876113?
8
What is the thousands digit of 82466958?
6
What is the thousands digit of 3737455?
7
What is the hundreds digit of 1473590990?
9
What is the hundred thousands digit of 1995042?
9
What is the billions digit of 4853363020?
4
What is the thousands digit of 1024094862?
4
What is the hundred thousands digit of 223980164?
9
What is the hundreds digit of 83108292?
2
What is the hundred millions digit of 465354046?
4
What is the millions digit of 723572986?
3
What is the hundreds digit of 8581304?
3
What is the thousands digit of 108749285?
9
What is the units digit of 12361973?
3
What is the tens digit of 164307863?
6
What is the units digit of 410699080?
0
What is the millions digit of 67073998?
7
What is the units digit of 285294482?
2
What is the millions digit of 21389135?
1
What is the units digit of 522075183?
3
What is the units digit of 217348325?
5
What is the hundred thousands digit of 1183815920?
8
What is the thousands digit of 688881654?
1
What is the thousands digit of 4217801233?
1
What is the tens digit of 330448877?
7
What is the tens digit of 32711409?
0
What is the ten millions digit of 43656328?
4
What is the hundreds digit of 1684357845?
8
What is the ten millions digit of 1654828418?
5
What is the ten thousands digit of 2117455212?
5
What is the ten thousands digit of 510630305?
3
What is the tens digit of 84913036?
3
What is the units digit of 154393908?
8
What is the ten millions digit of 3366770631?
6
What is the ten millions digit of 849883453?
4
What is the hundred millions digit of 263634808?
2
What is the ten millions digit of 10190467?
1
What is the ten thousands digit of 4182919192?
1
What is the units digit of 19324893?
3
What is the ten millions digit of 4390026422?
9
What is the ten thousands digit of 120776649?
7
What is the tens digit of 10092940?
4
What is the ten thousands digit of 260673604?
7
What is the units digit of 13215488?
8
What is the thousands digit of 101388393?
8
What is the hundreds digit of 197307170?
1
What is the ten millions digit of 243630508?
4
What is the ten millions digit of 112144281?
1
What is the hundred millions digit of 891204313?
8
What is the ten thousands digit of 2954241431?
4
What is the hundreds digit of 2717884011?
0
What is the ten thousands digit of 119499343?
9
What is the units digit of 25462351?
1
What is the tens digit of 761994538?
3
What is the tens digit of 340517816?
1
What is the hundreds digit of 1152855192?
1
What is the hundred thousands digit of 158518078?
5
What is the ten millions digit of 1139790723?
3
What is the units digit of 176031358?
8
What is the thousands digit of 410141712?
1
What is the millions digit of 1937134?
1
What is the hundred thousands digit of 1633684186?
6
What is the hundreds digit of 30332810?
8
What is the ten thousands digit of 37893694?
9
What is the millions digit of 288963594?
8
What is the billions digit of 2850819738?
2
What is the ten thousands digit of 142257636?
5
What is the tens digit of 3642937699?
9
What is the hundred millions digit of 497129779?
4
What is the hundreds digit of 3689308167?
1
What is the billions digit of 2247917554?
2
What is the ten thousands digit of 88689014?
8
What is the hundreds digit of 2666146829?
8
What is the thousands digit of 485269393?
9
What is the thousands digit of 64878967?
8
What is the ten millions digit of 1209373493?
0
What is the hundred millions digit of 243441570?
2
What is the millions digit of 1834692628?
4
What is the hundred thousands digit of 192118903?
1
What is the hundred thousands digit of 135617157?
6
What is the millions digit of 5313797?
5
What is the tens digit of 366896171?
7
What is the hundreds digit of 141804268?
2
What is the ten thousands digit of 1091412750?
1
What is the units digit of 100546264?
4
What is the hundreds digit of 35992289?
2
What is the units digit of 686965766?
6
What is the millions digit of 158753198?
8
What is the units digit of 41026064?
4
What is the hundred millions digit of 568227458?
5
What is the hundreds digit of 213393831?
8
What is the hundred thousands digit of 2719029272?
0
What is the hundreds digit of 801427411?
4
What is the millions digit of 338241826?
8
What is the millions digit of 295358162?
5
What is the tens digit of 59053498?
9
What is the ten millions digit of 1825652539?
2
What is the hundred thousands digit of 238102606?
1
What is the hundreds digit of 333099950?
9
What is the ten thousands digit of 5746456379?
5
What is the thousands digit of 123699327?
9
What is the tens digit of 1652288370?
7
What is the ten millions digit of 350396907?
5
What is the hundred millions digit of 114568372?
1
What is the ten millions digit of 195809359?
9
What is the hundred millions digit of 1759784164?
7
What is the ten millions digit of 859867418?
5
What is the thousands digit of 70637970?
7
What is the ten thousands digit of 6707290412?
9
What is the ten millions digit of 971295052?
7
What is the thousands digit of 3204780706?
0
What is the hundreds digit of 730790386?
3
What is the ten millions digit of 14835242?
1
What is the tens digit of 17540360?
6
What is the hundred thousands digit of 17255461?
2
What is the ten thousands digit of 16853605?
5
What is the billions digit of 1427741514?
1
What is the millions digit of 12274117?
2
What is the billions digit of 1417250607?
1
What is the thousands digit of 1999886058?
6
What is the millions digit of 400821129?
0
What is the thousands digit of 936629941?
9
What is the ten thousands digit of 3141340154?
4
What is the ten millions digit of 3677209889?
7
What is the tens digit of 289890964?
6
What is the hundred millions digit of 201273187?
2
What is the units digit of 432336729?
9
What is the thousands digit of 2210884142?
4
What is the ten millions digit of 20472787?
2
What is the hundreds digit of 246918?
9
What is the millions digit of 6698734?
6
What is the hundred millions digit of 249976745?
2
What is the units digit of 21507419?
9
What is the thousands digit of 1181837442?
7
What is the hundred thousands digit of 29990528?
9
What is the tens digit of 835925878?
7
What is the millions digit of 79935713?
9
What is the units digit of 69672434?
4
What is the thousands digit of 348137530?
7
What is the hundred millions digit of 505570058?
5
What is the units digit of 58721489?
9
What is the millions digit of 93825798?
3
What is the millions digit of 124538179?
4
What is the units digit of 1795733164?
4
What is the billions digit of 5160591025?
5
What is the ten millions digit of 703635517?
0
What is the tens digit of 442637503?
0
What is the billions digit of 1094535547?
1
What is the millions digit of 1344805635?
4
What is the thousands digit of 2732148631?
8
What is the units digit of 171643835?
5
What is the units digit of 2200818112?
2
What is the hundreds digit of 86374878?
8
What is the thousands digit of 151710890?
0
What is the ten millions digit of 18941487?
1
What is the ten thousands digit of 991278702?
7
What is the ten thousands digit of 2774453302?
5
What is the ten millions digit of 272780303?
7
What is the mill